e number?
True
Let l = -3 + 5. Suppose -l*n - b + 109 = 0, -4*n + 0*n + 4*b + 200 = 0. Is n a prime number?
True
Let l(x) = -x**2 + x. Let p(w) = 12*w**2 - 4*w - 6. Let u(b) = -11*b**2 + 4*b + 5. Let t(j) = -4*p(j) - 5*u(j). Let v(g) = 6*l(g) + t(g). Is v(-5) composite?
True
Is 79 - 0/(0 + 3) a prime number?
True
Suppose 4 = 2*j - j. Let z be 5/1 + (-2)/2. Suppose z*f - j*s + 9 = 45, -3*f = -2*s - 24. Is f a prime number?
False
Let z be -195 - 1/((-2)/(-4)). Let i = z + 286. Is i a composite number?
False
Let v = 212 + -99. Is v prime?
True
Suppose -5*r + 75 = q - 0*q, -3*r = 4*q - 385. Suppose q - 40 = 5*u. Suppose 0 = -3*g - u, 5*m + 4*g = 17 + 12. Is m composite?
True
Let u(y) be the third derivative of -y**6/120 - y**5/10 + y**4/12 + y**2. Is u(-7) prime?
False
Let r = 1 + 7. Let w = r + -12. Let u = 7 + w. Is u a composite number?
False
Suppose 0*g - 12*g + 8328 = 0. Is g a prime number?
False
Let z = 81 + -55. Is z composite?
True
Suppose -5*y + 236 = -1299. Is y a prime number?
True
Let x(v) = 20*v + 14. Let q be x(-6). Let s = q - -269. Is s composite?
False
Let b(f) = -10*f**3 - 21*f**2 - 12*f - 28. Let r(k) = 3*k**3 + 7*k**2 + 4*k + 9. Let p(m) = 2*b(m) + 7*r(m). Let i be 14/(-2) - (-2)/2. Is p(i) a prime number?
True
Is 1/(3/(792 + -3)) a prime number?
True
Let i(h) = h**3 - 7*h**2 + 5*h + 8. Let b be i(6). Let a be 150 - (1*-1)/(-1). Suppose -a = b*n - 3*n. Is n a prime number?
True
Suppose -9 = -5*m + 1. Let g be (-3)/(-6)*(10 - m). Suppose -4*l + 72 = -4*u, l + 2*l + g*u = 75. Is l a prime number?
False
Let t be (-452)/(-6) - 12/(-18). Let f be t + (2 - 4 - -4). Suppose -p - 2*p = -f. Is p prime?
False
Let h(t) = 6*t**3 - 6*t - 4. Suppose 3*y - 7 = -2*s, 0*y + 4*s = y - 21. Let o be h(y). Suppose 0 = -3*d - 233 + o. Is d composite?
True
Let d(i) = -112*i - 7. Let z be d(-8). Suppose 0*y + 2*y = c + 581, -3*y - 2*c = -z. Is y prime?
True
Let f = -1124 - -1793. Is f a prime number?
False
Suppose 3*b - 4*x = -3*x + 115, 193 = 5*b - 3*x. Let p = b - -41. Is p prime?
True
Is 1*(151 - (3 - 1)) prime?
True
Let o(n) be the first derivative of n**3/3 + 3*n**2/2 - n - 1. Suppose -3*f + f = -4*r + 24, 5*f = 2*r - 44. Is o(f) composite?
True
Let s be ((-9)/(-6))/(9/(-12)). Let a(x) be the third derivative of -35*x**4/8 + x**3/6 + x**2. Is a(s) a composite number?
False
Let x(c) = c**2 - 2*c - 2. Let w be x(4). Let r(j) = 5*j - 3 + 4 + w. Is r(10) prime?
False
Suppose -165 = 5*s + m, 4*s = 2*s + 5*m - 39. Let h be (-1202)/(-10) - 12/(-15). Let u = h + s. Is u prime?
True
Let i be 1*-39*2/(-3). Suppose 5 = k - i. Is k a prime number?
True
Let r be 3/5 - (-8)/(-5). Is 7/(-21)*159/r a composite number?
False
Let l = 25 + -18. Let k = 12 - l. Suppose 2*n + 40 = 4*v, 57 - 7 = k*v + 2*n. Is v prime?
False
Let q be (-18)/(-6 + 4) + -3. Let w be 139*4 - (-2 + 3). Suppose -o = -q*o + w. Is o a composite number?
True
Let l = -2 + 3. Let t(v) = 51*v**2 + v - 1. Is t(l) a composite number?
True
Let g be (-86)/(-18) + (-4)/(-18). Suppose -a - a + 7 = 5*q, -g*q = 5. Let r(i) = i**2 - i + 5. Is r(a) a composite number?
True
Suppose 2*b - 2942 = -2*m, -3*m + 3*b - b + 4413 = 0. Is m a composite number?
False
Suppose d + 4*d - 4*x = 1678, 5*d = -2*x + 1666. Suppose d = l + 24. Is 21/14 - l/(-4) a prime number?
True
Suppose -2*i - o + 398 = 0, -5*i + 3*o - 8*o + 985 = 0. Is i prime?
False
Suppose 0 = 2*z - 6. Suppose 2*u = -c + 3*c - 534, 1319 = 5*c + z*u. Is c prime?
False
Suppose -1 = -n + 1. Suppose 51 = i + n*i. Suppose -2*r + i + 13 = 0. Is r composite?
True
Let b(t) = -t**3 - 5*t**2 + 5*t - 6. Let m be b(-6). Let d be 0/((-1)/2*-2). Suppose m*z = -5*z - 20, 2*j - z - 46 = d. Is j a composite number?
True
Suppose 2*w = -0*w - 540. Let i = w + 476. Is i a composite number?
True
Let f(y) = -y**3 - 6*y**2 + 5*y + 1. Let v be f(-7). Suppose -x = -2*j - 0*j - v, j = 5*x - 48. Is x prime?
False
Suppose 4*f - 5 = 3. Is f/(-10) - 372/(-10) prime?
True
Let w = -1 - -10. Suppose 7*x = 2*x + 3*r + 362, 2*x + 3*r - 128 = 0. Let k = w + x. Is k composite?
False
Let t = 9 - 6. Suppose h = -2*m + 89, -t*m = 3*h - m - 271. Is h prime?
False
Is (86/(-4))/((-3)/12) prime?
False
Suppose 3*z + z - 36 = 0. Suppose -6*g = -z*g + 93. Is g a prime number?
True
Let n be -18*3*2/6. Let p = n + 27. Is 461/p - (-4)/(-18) prime?
False
Suppose 0*x + 59 = x - z, -x - 3*z = -59. Is x a composite number?
False
Let g(n) = -n**2 + 5*n + 5. Let v be g(6). Let b(m) be the first derivative of 52*m**3/3 - m**2/2 - 2. Is b(v) composite?
False
Is 1/2*370/5 composite?
False
Let d(p) = p. Let n(w) = -2*w**2 - 8*w - 7. Let i(t) = 3*d(t) - n(t). Is i(-8) a composite number?
False
Let h(f) = 60*f**2 + 3*f + 20. Is h(-7) a prime number?
True
Suppose a + 416 = -3*h - 32, -3*a + 432 = -3*h. Is (h/(-6))/((-6)/(-9)) a prime number?
True
Let l be (-4)/(-6) + 30/9. Is (-192)/(-5) - l/10 prime?
False
Suppose -15*z = -9*z - 846. Is z composite?
True
Let a(i) = 3*i**2 + 2*i**2 + 19*i - 1 - 14*i. Let v be 20/(-3) + (-2)/6. Is a(v) composite?
True
Let n be (1 - 2*-230) + -2. Suppose 5*j - 2347 = -f, n = -4*j + 5*j - 5*f. Is j a prime number?
False
Let k(f) = f + 7. Let p be k(-9). Is (258/(6/p))/(-2) a composite number?
False
Let x(h) = -2*h - 4. Let y be x(-4). Suppose 220 = y*o - r, -12 = o - 3*r - 67. Is o a prime number?
False
Let f(d) = d**3 - 15*d**2 - 22*d - 38. Is f(17) prime?
False
Suppose 3*h - 4 = h. Let y(v) = -h + 4 + 14*v + v. Is y(3) a composite number?
False
Suppose -s - s = 2*m - 4, -4*s = 2*m - 14. Suppose 0 = -0*c + 3*c - 12. Suppose -s*y + 2*y - 208 = -c*r, r = -y + 59. Is r a prime number?
False
Let t be (-3)/(-2)*(-24)/(-18). Suppose r + t = -0. Let y(o) = -5*o. Is y(r) a prime number?
False
Suppose 0 = 3*n - 6*n - 4*l + 7889, l - 2 = 0. Is n a composite number?
True
Let z be 24/(-18)*(-111)/2. Suppose -z = -c - c. Is c a prime number?
True
Let v(a) = 0*a**2 - a + 3*a + 2 + 0*a - a**2. Let h be v(8). Let w = -31 - h. Is w a prime number?
False
Suppose 0 = a + 5*v - 81, 0 = 5*a + 2*v - 744 + 316. Let p = -219 + a. Let q = p + 202. Is q composite?
True
Let p be (16/(-20))/(4/(-10)). Let g be (-658)/(-8) + p/(-8). Let z = 119 - g. Is z a composite number?
False
Suppose 3*r = 5*c + 4058, 2*r + 1329 = -3*c + 4066. Is r prime?
True
Let k(s) = -3*s - 15. Suppose 0 = -0*t + 4*t - q - 37, -q - 28 = -3*t. Suppose 3 + t = -h + 5*x, -x = -h - 12. Is k(h) composite?
True
Let g(b) = 27*b - 1. Let l be g(4). Suppose t + l = 268. Is t prime?
False
Suppose 2*g + 2 = 0, 0 = 5*q - 2*g + 6*g - 21. Suppose c - 7 = -2*x + 3*x, c = q*x - 9. Is c prime?
True
Let y(z) = 353*z**3 - z**2 + 2*z - 1. Is y(3) a prime number?
False
Let b be 2/8 - 3/12. Suppose -5*w - 262 = -3*a, 2*a + b*a - 177 = w. Let k = a + -52. Is k a composite number?
False
Suppose -3*h + 105 + 42 = 0. Is h composite?
True
Let x be (-10)/45 - (-202)/18. Is (-1 - -2) + (x - 1) prime?
True
Suppose y = 5*i + 95, -7*y + i + 380 = -3*y. Is y a composite number?
True
Suppose -93 + 11 = -2*r. Suppose -3*m = 2*n + 2*n - r, -5*n = -3*m - 31. Suppose -175 = -n*v + 3*v. Is v a composite number?
True
Suppose -7*f + 2897 = 6. Is f prime?
False
Let n(k) = 2*k**3 - k**2 - k + 3. Let d be n(-3). Let r = d + 92. Is r prime?
False
Suppose 5*p - 51 = p - 3*g, 5*g = p - 30. Suppose 0 = s + 2*m - p, -s + 2*m + m + 25 = 0. Is s prime?
True
Suppose 0 = 2*a - 5*n - 6, -3*n = -4*a - 2 - 0. Let o be a/9 + (-158)/18. Let d = 18 + o. Is d prime?
False
Let g(d) = 3*d**2 + 4*d - 2. Is g(-5) composite?
False
Suppose 0 = -5*f - 2 + 12. Let o(n) = 3*n - 1 - 1 + 3*n**f - 1. Is o(4) prime?
False
Let h(q) = -q + 167. Is h(0) composite?
False
Suppose 5*m + 45 = 2*m. Is (395/m)/((-2)/6) composite?
False
Let a be (-2)/(1/(-1 + 5)). Let b = a - -11. Suppose 4*q - 71 = 5*l - 21, -4*l = -b*q + 37. Is q composite?
True
Is (-3)/2*132/(-18) prime?
True
Suppose 0 = -2*s + 3 + 5. Is (-2 + 4*s)*1 a composite number?
True
Let c(q) = -q**3 - 3*q**2 - q. Let d be c(-3). Let b be d/(-9)*-3*3. Let u = 88 + b. Is u composite?
True
Let j(z) = -3*z**2 - 2*z - 1. Let m be j(-1). Let d(h) = -2*h - 2. Let a be d(m). Is (-9)/(-6)*a + 332 composite?
True
Suppose 6*i - 106 = 4*i. Is i prime?
True
Suppose 0*h + 2*h - 58 = 0. Let o = -18 + h. Is o a composite number?
False
Suppose 0 = -3*i - 2*i + 30. Supp